mmon divisor of 3496 and 1472.
184
What is the greatest common factor of 810 and 90?
90
What is the greatest common divisor of 30 and 78?
6
Calculate the highest common factor of 7 and 63.
7
What is the highest common divisor of 12 and 8706?
6
What is the greatest common factor of 655 and 5?
5
What is the highest common factor of 420 and 2835?
105
What is the highest common factor of 16 and 796?
4
What is the greatest common factor of 8 and 2?
2
What is the highest common divisor of 5 and 215?
5
What is the highest common factor of 493 and 29?
29
What is the greatest common divisor of 138 and 2162?
46
Calculate the highest common factor of 798 and 21.
21
What is the highest common divisor of 96 and 912?
48
Calculate the highest common factor of 2 and 394.
2
Calculate the highest common factor of 79282 and 98.
98
What is the highest common divisor of 9735 and 825?
165
Calculate the greatest common divisor of 1568 and 3332.
196
What is the highest common divisor of 3422 and 1298?
118
What is the highest common factor of 686 and 322?
14
Calculate the greatest common divisor of 140 and 210.
70
What is the greatest common factor of 20 and 140?
20
What is the highest common divisor of 686 and 98?
98
What is the highest common divisor of 264 and 6072?
264
What is the greatest common factor of 6 and 90?
6
Calculate the greatest common factor of 44 and 99.
11
Calculate the greatest common factor of 715 and 55.
55
What is the highest common divisor of 24563 and 609?
203
What is the greatest common factor of 11 and 11?
11
What is the greatest common divisor of 475 and 285?
95
What is the greatest common factor of 84 and 546?
42
Calculate the highest common divisor of 925 and 25.
25
Calculate the greatest common divisor of 476 and 2516.
68
What is the greatest common divisor of 15 and 345?
15
What is the highest common factor of 26 and 78?
26
Calculate the greatest common divisor of 432 and 54.
54
What is the greatest common factor of 208 and 39?
13
Calculate the greatest common factor of 197 and 2.
1
Calculate the greatest common divisor of 168 and 1302.
42
Calculate the greatest common divisor of 788 and 4.
4
Calculate the greatest common factor of 3504 and 336.
48
Calculate the highest common divisor of 675 and 297.
27
What is the greatest common divisor of 2470 and 114?
38
What is the greatest common factor of 70 and 1030?
10
What is the greatest common factor of 68 and 17442?
34
What is the highest common divisor of 243 and 2025?
81
What is the highest common factor of 180 and 80?
20
Calculate the greatest common factor of 10 and 250.
10
What is the highest common divisor of 1 and 1583?
1
What is the highest common factor of 176 and 616?
88
What is the highest common factor of 1880 and 20?
20
What is the highest common factor of 304 and 76?
76
Calculate the highest common divisor of 4 and 68.
4
What is the greatest common factor of 2700 and 432?
108
Calculate the greatest common divisor of 4 and 80.
4
What is the greatest common factor of 4504 and 8?
8
Calculate the greatest common divisor of 236 and 52.
4
Calculate the highest common factor of 20345 and 65.
65
Calculate the greatest common factor of 918 and 54.
54
What is the greatest common divisor of 208 and 6812?
52
What is the highest common factor of 41 and 1?
1
What is the greatest common factor of 14 and 72?
2
Calculate the greatest common divisor of 1645 and 210.
35
What is the highest common factor of 32 and 1?
1
Calculate the highest common factor of 575 and 5.
5
What is the greatest common factor of 2457 and 26?
13
What is the greatest common factor of 99 and 153?
9
What is the highest common factor of 3 and 87?
3
Calculate the highest common divisor of 230 and 50.
10
What is the highest common factor of 104 and 39?
13
What is the highest common divisor of 30 and 1185?
15
What is the highest common divisor of 56 and 1414?
14
What is the greatest common factor of 407 and 55?
11
What is the greatest common divisor of 31 and 403?
31
Calculate the greatest common divisor of 12 and 2212.
4
Calculate the highest common divisor of 74 and 22.
2
Calculate the highest common divisor of 497 and 49.
7
Calculate the greatest common factor of 165 and 132.
33
Calculate the greatest common factor of 297 and 42.
3
Calculate the greatest common factor of 2653 and 7.
7
What is the highest common divisor of 52 and 6968?
52
Calculate the highest common divisor of 5096 and 7.
7
Calculate the greatest common factor of 405 and 81.
81
What is the greatest common factor of 2193 and 645?
129
What is the highest common factor of 204 and 2?
2
Calculate the greatest common divisor of 56 and 480.
8
What is the greatest common factor of 306 and 540?
18
Calculate the highest common divisor of 150 and 120.
30
Calculate the highest common divisor of 289 and 2363.
17
Calculate the highest common divisor of 84 and 60.
12
Calculate the highest common divisor of 377 and 13.
13
Calculate the highest common factor of 1537 and 106.
53
What is the highest common factor of 23 and 12489?
23
Calculate the greatest common divisor of 12 and 15732.
12
What is the greatest common divisor of 31872 and 332?
332
What is the highest common factor of 115 and 45?
5
Calculate the highest common factor of 149 and 10877.
149
Calculate the greatest common factor of 1675 and 469.
67
What is the greatest common factor of 196 and 1078?
98
Calculate the highest common divisor of 25 and 3725.
25
What is the greatest common divisor of 72 and 45?
9
What is the greatest common factor of 22 and 682?
22
What is the highest common divisor of 1995 and 105?
105
Calculate the greatest common factor of 2 and 5.
1
Calculate the highest common factor of 3306 and 114.
114
Calculate the greatest common factor of 495 and 792.
99
What is the highest common divisor of 2064 and 43?
43
What is the greatest common factor of 66 and 154?
22
Calculate the greatest common divisor of 1314 and 9.
9
Calculate the highest common divisor of 986 and 34.
34
Calculate the greatest common factor of 20 and 16.
4
What is the greatest common factor of 212 and 14204?
212
What is the greatest common divisor of 22 and 176?
22
Calculate the highest common factor of 1965 and 14148.
393
Calculate the highest common divisor of 210 and 3976.
14
Calculate the greatest common divisor of 24 and 5928.
24
Calculate the greatest common divisor of 4 and 172.
4
Calculate the highest common divisor of 206 and 21218.
206
Calculate the greatest common factor of 45 and 1380.
15
What is the greatest common factor of 7 and 9380?
7
What is the highest common divisor of 637 and 1547?
91
Calculate the greatest common factor of 169 and 12337.
169
What is the highest common factor of 1876 and 14?
14
Calculate the highest common factor of 999 and 222.
111
What is the greatest common factor of 6147 and 9?
9
What is the greatest common factor of 48 and 64?
16
What is the greatest common factor of 95 and 4009?
19
What is the highest common divisor of 18437 and 179?
179
Calculate the greatest common factor of 5244 and 12.
12
Calculate the greatest common factor of 108 and 124.
4
Calculate the highest common divisor of 4278 and 23.
23
Calculate the greatest common divisor of 1257 and 838.
419
Calculate the greatest common factor of 1233 and 387.
9
Calculate the greatest common factor of 11176 and 616.
88
What is the highest common divisor of 61 and 1037?
61
Calculate the greatest common divisor of 435 and 45.
15
Calculate the greatest common factor of 25 and 200.
25
What is the greatest common divisor of 84 and 700?
28
What is the greatest common divisor of 9841 and 26?
13
What is the greatest common divisor of 102 and 24?
6
Calculate the greatest common factor of 63 and 9.
9
Calculate the greatest common factor of 1421 and 343.
49
What is the highest common factor of 75 and 1075?
25
What is the greatest common divisor of 640 and 3968?
128
Calculate the greatest common divisor of 2240 and 35.
35
What is the highest common factor of 248 and 93?
31
What is the greatest common divisor of 400 and 48?
16
What is the highest common divisor of 415 and 5?
5
Calculate the greatest common factor of 180 and 9.
9
What is the greatest common factor of 2 and 81?
1
What is the highest common factor of 315 and 63?
63
Calculate the